e y(0).
-1
Let f(v) = 2*v - 7*v - 4 + 3*v. Suppose -2*c + 6 = -4*q + 3*q, 4*c + q - 12 = 0. Calculate f(c).
-10
Let u(m) = m**3 + 3*m**2 - m + 2. Let h(i) = 3*i**2 - 14*i + 5. Let s be h(4). Determine u(s).
5
Suppose -2*m = -6*m + 32. Let x(z) = -m*z - 6*z + 3*z. Give x(-1).
11
Let c(h) be the first derivative of h**2/2 + 14*h - 28. What is c(-8)?
6
Let t(m) be the second derivative of m**5/20 + m**4/12 - 2*m**3/3 - 3*m**2/2 + 43*m. What is t(-2)?
1
Suppose 3*f - 2 = 3*k - 11, -f + 2*k = 2. Let v(t) = -t**2 - 3*t - 3. Determine v(f).
-7
Let o = -5 + 7. Let m(f) = 4*f + 3*f + o - 6*f. Let d be (-6)/(-27) - (-87)/(-27). What is m(d)?
-1
Let j(f) be the third derivative of f**6/120 - f**5/15 - f**4/4 - f**3/6 + 37*f**2. What is j(5)?
-6
Let x(t) = -t**3 - 7*t**2 + 4*t + 6. Let j(f) = 2*f**3 + 15*f**2 - 7*f - 13. Let h(o) = 2*j(o) + 5*x(o). What is h(-6)?
4
Let u(w) = -7*w + w**3 - 3*w**2 + 2 + 0*w**3 + 4. Let y(t) = -t**2 - 3*t - 2. Let l be y(-2). Suppose -20 = -5*z - l*z. Determine u(z).
-6
Let i(w) = w**3 + 3*w**2 - 8*w - 4. Suppose -16*c - 15 = -13*c. Calculate i(c).
-14
Let l(k) = k**3 - k**2 + k + 1. Let o(x) = -4*x**3 + 10*x**2 - 5*x. Let p(s) = 5*l(s) + o(s). Determine p(-5).
5
Let f be (-4)/(-6)*(-12)/(-2). Let a = -2 - -2. Suppose a = -f*b + b. Let o(v) = v - 1. Give o(b).
-1
Let n be (-9 - -3) + (-2)/(-1). Let s be (3 - 4)/(2/n). Let r(t) = -1 - t**2 + 1 + t**3 + s*t**3 + 1. Determine r(-1).
-3
Let l(w) = -w**3 + 3*w**2 - 5*w + w**2 + w**3 - 5 + w**3. Determine l(-5).
-5
Let s be 4/2*3/6. Let k(n) be the third derivative of -n**6/40 + n**4/12 - n**3/6 + 2*n**2. What is k(s)?
-2
Let b(z) = z + 7. Let p be b(-5). Suppose -x = y + 2, p*y = -3*x - 10 + 2. Let k(h) = 2 + 5*h**2 + 3*h - 3 + h**3 - y. What is k(-4)?
1
Let j(y) = -y**3 + 2*y**2 - 4*y + 2. Let m(w) = 4*w**3 - 7*w**2 + 16*w - 7. Let k be 4/(-14) - 32/(-14). Let t(a) = k*m(a) + 9*j(a). Determine t(3).
1
Let g be 3 - -2 - (-48)/(-4). Let p(q) = -2*q - 1. What is p(g)?
13
Let p(d) be the first derivative of 3/2*d**2 + 0*d - 1. Calculate p(-2).
-6
Let b = 49 - 47. Let k(g) = -3*g**2 + 4*g - 2. Give k(b).
-6
Let j(c) be the first derivative of -c**3/3 + c**2 + 4*c + 1. Let o be -3 - (1 - -1 - 8). Give j(o).
1
Let m be -84*1*2/(-4). Suppose -28 = -2*g - 5*k, 5*k - m = -3*g - 10. Let n(z) = g - z**3 + 2*z**2 + 3*z + z - z. What is n(3)?
4
Let r(n) = -n**2 + 10*n - 12. Let z be r(8). Let k(h) be the second derivative of -h**3/2 + 3*h**2 + 4*h. What is k(z)?
-6
Let q(v) be the third derivative of -v**5/60 + 7*v**4/24 - 5*v**3/6 - v**2. Let c be 2/(-6) + 32/6. What is q(c)?
5
Let t(u) be the first derivative of 2 + 2*u**2 - 3*u - 1/3*u**3. What is t(5)?
-8
Suppose 4*f + 6 = 2*m - 12, 0 = 2*f + 4*m + 14. Let x be 9 + -6 + 3/(-3). Let z(o) = 1 + 7*o - 5*o**x - 4*o - o**3 - 2*o. Determine z(f).
-4
Let w(p) be the third derivative of -p**5/120 + p**4/8 + p**3 - 5*p**2. Let z(y) be the first derivative of w(y). Let l = 5 - 1. Determine z(l).
-1
Let q(m) = m + 58 - m**2 - 29 - 27 + 7*m. Calculate q(4).
18
Let o be 2/(-4) + (-18)/4 + 4. Let w(i) = -19*i**2 - 2*i - 1. Determine w(o).
-18
Suppose -2*a = 2*x - 6, -13 - 2 = -a + 3*x. Let d(z) = 6*z - 7. Let o(c) = -7*c + 7. Let u(r) = -6*d(r) - 5*o(r). What is u(a)?
1
Let q be -1*(18/12)/(2/4). Let r(a) = 2*a - 2. Determine r(q).
-8
Let u = -2 + 3. Let j be 4 - 2 - (0 - u). Let b(a) = -5*a - 3. Let f(x) = 26*x + 16. Let k(m) = -16*b(m) - 3*f(m). Calculate k(j).
6
Let c(r) = -3*r**2 + 3 + 2*r**2 + 156*r - 157*r - 8. Give c(0).
-5
Let a(s) be the first derivative of -s**2 - s - 2. Let i be 3 + -5 - (-4)/1. Determine a(i).
-5
Let a(h) = -2*h**2 + 4*h - 3. Suppose -20 = -3*w - 5. Suppose 2 = -2*g + 4. Suppose -w = -3*z + g. What is a(z)?
-3
Let n(r) = -r - 4. Let c be n(-6). Suppose 0 = -2*l - 6 - c. Let s(v) = v**2 + 2*v. Calculate s(l).
8
Let q(o) = -7*o. Suppose 0 = -4*t - t + 5. Determine q(t).
-7
Suppose -3*z = -4 - 2. Let g = z + 0. Let d(h) = -h**g - 2 + 5 - 2*h**3 + h**3 + 3*h. Give d(-2).
1
Let n be -3 + (-3 - 1)/4. Let d(m) be the third derivative of m**4/24 + 5*m**3/6 + 2*m**2. Give d(n).
1
Let a(s) = -2 + 3*s - s**2 + s - s + 3. What is a(4)?
-3
Let x(p) = -p - 1. Let f(w) = -1. Let o(h) = -f(h) + x(h). Give o(0).
0
Let g(j) = 7*j**2 + 2*j + 1. Let y(q) = -1. Let h(z) = 1. Let d(m) = -2*h(m) - y(m). Let b(n) = -2*d(n) - g(n). Let i = 54 + -53. Give b(i).
-8
Let o(h) = -h**3 - h + 1. Let x(k) = -3*k**3 - 4*k**2 - 9*k + 9. Suppose 2*b + 4 = 6*b. Let n(s) = b*x(s) - 4*o(s). Give n(5).
5
Let g(t) = 3*t**2 + 7*t + 10. Let v(u) = u**2 + 2*u + 3. Let z(n) = 2*g(n) - 7*v(n). Give z(-4).
-17
Let k(b) = -b**3 + 4*b**2 + 3*b - 2. Let j(p) = -4*p**3 + 2*p**2 - p - 2. Let v be j(-1). Calculate k(v).
-12
Let s(w) be the first derivative of w + 1/2*w**2 + 4. Give s(0).
1
Let f(c) = c**2 + 4*c + 4. Let u = -98 - -94. Calculate f(u).
4
Let s(k) = k**3 - k**2 - 3*k + 1. Let u be s(3). Suppose 2*f - u = -3*f. Let w(q) = 5*q - 8. Let d(b) = 5*b - 7. Let o(p) = -7*d(p) + 6*w(p). Calculate o(f).
-9
Let t(h) = -h**3 + 6*h - h**2 + 3 + 3*h**2 + 3*h**2. Suppose 3*w = j - 4 + 7, 2*j - 24 = -4*w. Give t(j).
3
Suppose 4*z - z + 3*s = 0, 5*s + 36 = 4*z. Let y(j) be the second derivative of 0 + 1/2*j**2 - 1/12*j**z - 1/3*j**3 + j. Give y(-2).
1
Suppose 3*c - 6*c = 9. Let n(y) be the first derivative of y**3/3 + y**2 + y - 1. Give n(c).
4
Let h(a) = a + 7. Let q(w) = -1. Let x(n) = -2*h(n) - 10*q(n). Calculate x(-5).
6
Let c(z) be the first derivative of z**2 - 4*z - 71. Let o be (2 + (0 - -1))*-1. Determine c(o).
-10
Let m(i) = -i**2 - 15*i - 13. Let h be m(-14). Let g be 8/(-6)*(2 + h). Let s(p) = p**3 + 3*p**2 - 4*p. Give s(g).
0
Let x(d) = 9*d - 2. Let m(w) = 3*w + 1 - 2 + 2*w. Let z(k) = -7*m(k) + 4*x(k). Let t be z(-3). Let l(g) = -g - 6. Calculate l(t).
-2
Let k(v) be the first derivative of -4*v**2 - v + 9. Give k(-1).
7
Let g(u) = -24*u + 7. Let o(c) = 4*c - 1. Let b(v) = g(v) + 5*o(v). Let l = -8 + 12. What is b(l)?
-14
Let h(v) = v**2 + v - 2. Suppose 4*z - 25 = 2*r + 3, 0 = -3*z. Let p be 26/(-7) + 4/r. Give h(p).
10
Let p(i) = -i**2 - 7*i - 5. Let c be p(-5). Suppose -c*a + 0*a - 5 = 0. Let s(w) = -5*w**3 + w**2. What is s(a)?
6
Let j(n) = n + 3. Let u(s) = s - 5. Suppose 0*i + 2*i = 16. Let c be u(i). Give j(c).
6
Let u be (-1 + (-1 - -5))*2. Let x(p) be the third derivative of p**5/60 - 7*p**4/24 + 5*p**3/6 - 5*p**2. What is x(u)?
-1
Let d(j) = 42 + 4*j**2 - 2*j - 6*j - 40. Let u(r) = 7*r**2 - 16*r + 5. Let b(y) = 5*d(y) - 3*u(y). Determine b(4).
11
Suppose -3*s = -3*v, 3*v - v - 2 = s. Let o = v + -1. Let l(h) = -2*h**3. Calculate l(o).
-2
Let d(i) = -i**3 - 4*i**2 + 2*i - 2. Let z(r) = -r**2 - 8*r - 5. Let m be z(-6). Let k = m - 11. Calculate d(k).
-10
Let a(j) = -j + 1. Let b be a(-5). Let z(r) = -r**2 - 7*r + 3. Let g(v) = 6*v**2 + 35*v - 14. Let y(n) = 2*g(n) + 11*z(n). Determine y(b).
-1
Suppose -t + 0 + 6 = 0. Let f(d) be the first derivative of t*d + 1/3*d**3 - 7/2*d**2 + 1. What is f(5)?
-4
Let o(s) = s + 1. Let j be 0 + 2 - -1*3. Let b(d) = d. Let k be b(j). Suppose -k*n = -n. Calculate o(n).
1
Let s be (-1)/(-5) + (-42)/10. Let w(f) = -2*f**3 + 9*f**2 - 2*f - 2. Let u(d) = -d**3 + 5*d**2 - d - 1. Let q(k) = s*w(k) + 7*u(k). Give q(2).
7
Let p(j) be the second derivative of j**5/20 - 2*j**4/3 + 3*j**3/2 - 9*j**2/2 + 24*j. What is p(7)?
5
Let v(l) = 4*l + 5. Suppose -2*r + 4*j - 46 = 0, 3*r + 3*j = -0*j - 33. Let a be (-40)/12*(-18)/r. Give v(a).
-11
Suppose -7*l = -8*l + 4. Let v be 2*(0 + 2/2). Let n(z) = 4*z + 0*z + v - l*z - z. Calculate n(0).
2
Let x(h) = 5*h - 1. Let c(m) = -2*m - 4. Let w be c(-4). Let y be (w + 6/(-3))/(-2). Give x(y).
-6
Let c = 58 - 56. Let i(j) = -3*j**3 - j**2 + 2*j. Calculate i(c).
-24
Let n(j) = -15*j + 1 + 24*j - 11*j - 5*j**3 + j**2. What is n(1)?
-5
Let t(r) = 3*r**2 + 13*r - 9. Let p(y) = 4*y**2 + 14*y - 10. Let v(f) = 4*p(f) - 5*t(f). Give v(9).
5
Let y(f) = 7*f + 3 + f**3 + 3*f**2 + 1 + 3*f**2. Suppose b + 3 - 2 = 0. Let m be (-25)/15*(-3)/b. What is y(m)?
-6
Suppose 0 = 17*k - 3*k + 112. Let t(i) = i**2 + 9*i - 10. Calculate t(k).
-18
Let i(w) = 2*w**2 - 25*w + 16. Let h be i(12). Let u(s) be the third derivative of -1/60*s**5 + 0*s - 1/24*s**h + 0 + 7/6*s**3 - s**2. Calculate u(0).
7
Let p(i) = 15*i**2 -